 -5?
-3069056
In base 3, what is 10020 - -2220?
20010
In base 13, what is -5175 - 1?
-5176
In base 14, what is -12a - -59?
-b1
In base 6, what is 150 + -31324?
-31134
In base 4, what is 12010 - 121?
11223
In base 5, what is -32 - 140133?
-140220
In base 10, what is 2 - -328394?
328396
In base 4, what is 102110032321 + 3?
102110032330
In base 2, what is 10000100001 - -11111?
10001000000
In base 7, what is -45334 - -64?
-45240
In base 4, what is -2 + 112022?
112020
In base 12, what is 39 + -7365?
-7328
In base 9, what is -4 - -174412?
174407
In base 11, what is -286 + -58?
-333
In base 13, what is 86a15 - 4?
86a11
In base 3, what is 2100 - 211011?
-201211
In base 6, what is -2 - -15344200?
15344154
In base 8, what is 0 + -131423?
-131423
In base 9, what is 380173 - 0?
380173
In base 13, what is -68c9 + 5?
-68c4
In base 16, what is 1c4 - -73?
237
In base 13, what is 5 + 2c1a41?
2c1a46
In base 6, what is -15130 - 15?
-15145
In base 13, what is -124772 - -2?
-124770
In base 11, what is -18581 - 29?
-185aa
In base 6, what is 341 - -1213?
1554
In base 14, what is -c2667 - 4?
-c266b
In base 3, what is 101021 - -12011110?
12112201
In base 11, what is 5 - -19969?
19973
In base 6, what is 11035250 - 5?
11035241
In base 11, what is 1100 - -237?
1337
In base 2, what is 0 - -1001110000111010?
1001110000111010
In base 4, what is -101120 - -32?
-101022
In base 15, what is -45479 - 2?
-4547b
In base 13, what is 11b + -7c?
6c
In base 12, what is -11b8b4 - -1?
-11b8b3
In base 13, what is -1b008 + 3?
-1b005
In base 8, what is -336 - -42?
-274
In base 11, what is -1477 + 7a?
-13a8
In base 15, what is 274 - 33ea?
-3176
In base 13, what is 375a - -2?
375c
In base 14, what is 362 - 24c?
114
In base 15, what is 3 + -58ce?
-58cb
In base 3, what is -22 - -222210102?
222210010
In base 8, what is -13 - -50603?
50570
In base 15, what is -1 - -19b4e8?
19b4e7
In base 5, what is -103342440 - 10?
-103343000
In base 3, what is -2022012210 - -22?
-2022012111
In base 16, what is -c5f + -2?
-c61
In base 2, what is -1100 - -111101010?
111011110
In base 6, what is -32 + -440414?
-440450
In base 13, what is 93 - 8a37?
-8974
In base 15, what is 21002 - 7?
20eea
In base 12, what is -27 + 11ba1?
11b76
In base 16, what is -13 - -449?
436
In base 16, what is 5 + 155f1c?
155f21
In base 5, what is -231 + -14340?
-20121
In base 6, what is -5 - 22221?
-22230
In base 8, what is 132 + 13215?
13347
In base 5, what is -21 - -34204?
34133
In base 12, what is 5 - -3b221?
3b226
In base 14, what is -959 - 21?
-97a
In base 15, what is 114c3 - 2?
114c1
In base 4, what is -1123330 + 1233?
-1122031
In base 15, what is -1385 - -1e?
-1366
In base 2, what is 1001000 + -1000000100011101?
-1000000011010101
In base 16, what is 3 + 428e?
4291
In base 2, what is 1110010 - 1001000000001?
-1000110001111
In base 16, what is -201 + 31?
-1d0
In base 15, what is -28365 - 0?
-28365
In base 4, what is -122 + -30312?
-31100
In base 12, what is 283 - 386b?
-35a8
In base 10, what is -1316 + -2?
-1318
In base 14, what is b28 + 6?
b30
In base 9, what is -21 - 60128?
-60150
In base 4, what is 101 - 121110311?
-121110210
In base 8, what is 4542 - -1?
4543
In base 4, what is 21312222 + 3?
21312231
In base 9, what is -6 + 46584?
46577
In base 14, what is -489 - -34?
-455
In base 3, what is 12 - -2022100120?
2022100202
In base 12, what is -15014 - 11?
-15025
In base 15, what is -1291d + -5?
-12923
In base 4, what is -11122 + 30?
-11032
In base 15, what is 16 + 2655?
266b
In base 4, what is 1232231 - 21?
1232210
In base 4, what is -203333 - -11?
-203322
In base 7, what is -4 + 1553423?
1553416
In base 12, what is -b - -22859?
2284a
In base 5, what is -432 - 10114?
-11101
In base 8, what is -2 - 55372?
-55374
In base 7, what is 1161 - 45?
1113
In base 13, what is -197 - 2a2?
-469
In base 7, what is 55 - 4345?
-4260
In base 6, what is -10543 + 4102?
-2441
In base 16, what is 55be + 2f?
55ed
In base 6, what is 0 - 524434?
-524434
In base 12, what is 12 + -1ba52?
-1ba40
In base 5, what is 10114 + 1040?
11204
In base 13, what is -4bc7c + -4?
-4bc83
In base 11, what is 0 + 3789?
3789
In base 12, what is -66 + -96?
-140
In base 14, what is 99 + -76?
23
In base 5, what is -1 + -214032?
-214033
In base 14, what is -122 - b1?
-1d3
In base 8, what is -2606 + -146?
-2754
In base 4, what is 13113 + 3133?
22312
In base 3, what is -11202 + 11011010?
10222101
In base 11, what is 65314 - -1?
65315
In base 14, what is 82 + -2926?
-2884
In base 10, what is 0 + -35738?
-35738
In base 11, what is 780a7 - 8?
7809a
In base 2, what is -101 + 10111101101100101?
10111101101100000
In base 10, what is -1 - -220922?
220921
In base 6, what is 31431 - 350?
31041
In base 5, what is -223 + 11233?
11010
In base 11, what is 3044 - -168?
3201
In base 10, what is 3 - -270505?
270508
In base 3, what is -20110212202111 - -12?
-20110212202022
In base 12, what is 47 + 1b79?
2004
In base 12, what is 5 - -1b842?
1b847
In base 15, what is 41cbc - 5?
41cb7
In base 9, what is 2 + -246268?
-246266
In base 2, what is 10000010001100 + -101010?
10000001100010
In base 7, what is -23 - -4440?
4414
In base 4, what is -20132 - 1133330?
-1220122
In base 8, what is -27 + -164375?
-164424
In base 16, what is -189 + 76?
-113
In base 7, what is -126 - 43144?
-43303
In base 4, what is 10 - 3310221?
-3310211
In base 12, what is -5229b + 4?
-52297
In base 4, what is -300 - -331301?
331001
In base 16, what is a9 + 4dfc?
4ea5
In base 8, what is -10 + -123061?
-123071
In base 16, what is -2375d + 8?
-23755
In base 12, what is -681 + -69?
-72a
In base 5, what is 312 - -41343?
42210
In base 15, what is 99b5b - 2?
99b59
In base 8, what is 106 - 1734?
-1626
In base 12, what is -3 + -54666?
-54669
In base 2, what is 101 - 10010101010111?
-10010101010010
In base 9, what is -2 + 70251?
70248
In base 15, what is 18 - -bcb?
be4
In base 8, what is -1611 - -17?
-1572
In base 3, what is -2221102220 - 10?
-2221110000
In base 14, what is 56 + 0?
56
In base 15, what is -3 - 3b27c?
-3b280
In base 16, what is 3ef4 - 4?
3ef0
In base 11, what is a4a92 - -12?
a4aa4
In base 15, what is 6b47 - 1?
6b46
In base 2, what is 101011011 - 10101001?
10110010
In base 9, what is 3 - 47158?
-47155
In base 4, what is -133 + 300331100?
300330301
In base 14, what is a66 + 6?
a6c
In base 2, what is -1111100101001010011 + 11?
-1111100101001010000
In base 14, what is -b7 - 988?
-a61
In base 8, what is -604 + -133?
-737
In base 2, what is -1 - 110000111100011010?
-110000111100011011
In base 6, what is 1241251 + -1?
1241250
In base 7, what is 34 - -533?
600
In base 16, what is -4716 - 47?
-475d
In base 6, what is -205 + 150253?
150044
In base 2, what is -11010110100 + -10101?
-11011001001
In base 14, what is 8a + -236?
-18a
In base 14, what is -1ca - 6a1?
-88b
In base 16, what is -5 - -19a?
195
In base 4, what is -11 + -3101313?
-3101330
In base 13, what is 1c + 2846?
2865
In base 4, what is -2 + -102322221?
-102322223
In base 7, what is 641 + -1611?
-640
In base 7, what is -36343 - 0?
-36343
In base 8, what is 13040673 + 3?
13040676
In base 9, what is 587 - 200?
387
In base 12, what is 311 - 0?
311
In base 10, what is 11841 + -3?
11838
In base 10, what is -5 + 87262?
87257
In base 2, what is 111000 - -1100001011?
1101000011
In base 9, what is 6263 - 448?
5714
In base 11, what is 4828 - 44?
4794
In base 8, what is 2 - -55624?
55626
In base 11, what is 30194a + -2?
301948
In base 10, what is -7 + -164867?
-164874
In base 2, what is -1101 - -101111011?
101101110
In base 14, what is -b6a + -6c?
-bd8
In base 11, what is -57791 - 0?
-57791
In base 10, what is -3 - 54744?
-54747
In base 16, what is -c4 + e8?
24
In base 11, what is 2 - 5a41a4?
-5a41a2
In base 9, what is 100 - -1461?
1561
In base 7, what is 1001265 - -3?
1001301
In base 3, what is -10 + -220202020?
-220202100
In base 15, what is 7919 - 19?
7900
In base 2, what is -10100010110110110 - 0?
-10100010110110110
In base 10, what is -297219 + -2?
-297221
In base 7, what is 11020 + 110?
11130
In base 9, what is -4 + 3742?
3737
In base 6, what is 2314501 + 13?
2314514
In base 5, what is 1413 - -11142?
13110
In base 11, what is 263a - -5?
2644
In base 7, what is 10 + 10?
20
In base 15, what is -3 - -2167?
2164
In base 13, what is 33 - 78?
-45
In base 14, what is 5 - d35d?
-d358
In 